{"id":187,"date":"2020-09-18T12:22:17","date_gmt":"2020-09-18T10:22:17","guid":{"rendered":"http:\/\/gemeinschaftsschule-graefenroda.de\/?page_id=187"},"modified":"2025-12-19T10:14:46","modified_gmt":"2025-12-19T09:14:46","slug":"schulbusverkehr","status":"publish","type":"page","link":"http:\/\/gemeinschaftsschule-graefenroda.de\/index.php\/schulbusverkehr\/","title":{"rendered":"Schulbusverkehr"},"content":{"rendered":"\n<figure class=\"wp-block-image size-large\"><img decoding=\"async\" loading=\"lazy\" width=\"1024\" height=\"673\" src=\"http:\/\/gemeinschaftsschule-graefenroda.de\/wp-content\/uploads\/2025\/08\/Bildschirmfoto-2025-08-18-um-13.36.16-1024x673.png\" alt=\"\" class=\"wp-image-3358\" srcset=\"http:\/\/gemeinschaftsschule-graefenroda.de\/wp-content\/uploads\/2025\/08\/Bildschirmfoto-2025-08-18-um-13.36.16-1024x673.png 1024w, http:\/\/gemeinschaftsschule-graefenroda.de\/wp-content\/uploads\/2025\/08\/Bildschirmfoto-2025-08-18-um-13.36.16-300x197.png 300w, http:\/\/gemeinschaftsschule-graefenroda.de\/wp-content\/uploads\/2025\/08\/Bildschirmfoto-2025-08-18-um-13.36.16-768x505.png 768w, http:\/\/gemeinschaftsschule-graefenroda.de\/wp-content\/uploads\/2025\/08\/Bildschirmfoto-2025-08-18-um-13.36.16-1536x1010.png 1536w, http:\/\/gemeinschaftsschule-graefenroda.de\/wp-content\/uploads\/2025\/08\/Bildschirmfoto-2025-08-18-um-13.36.16.png 1746w\" sizes=\"(max-width: 1024px) 100vw, 1024px\" \/><\/figure>\n\n\n\n<p><\/p>\n\n\n\n<figure class=\"wp-block-image size-large\"><img decoding=\"async\" loading=\"lazy\" width=\"1024\" height=\"641\" src=\"http:\/\/gemeinschaftsschule-graefenroda.de\/wp-content\/uploads\/2025\/11\/grafik-4-1024x641.png\" alt=\"\" class=\"wp-image-3529\" srcset=\"http:\/\/gemeinschaftsschule-graefenroda.de\/wp-content\/uploads\/2025\/11\/grafik-4-1024x641.png 1024w, http:\/\/gemeinschaftsschule-graefenroda.de\/wp-content\/uploads\/2025\/11\/grafik-4-300x188.png 300w, http:\/\/gemeinschaftsschule-graefenroda.de\/wp-content\/uploads\/2025\/11\/grafik-4-768x481.png 768w, http:\/\/gemeinschaftsschule-graefenroda.de\/wp-content\/uploads\/2025\/11\/grafik-4.png 1180w\" sizes=\"(max-width: 1024px) 100vw, 1024px\" \/><\/figure>\n\n\n\n<p><\/p>\n\n\n\n<figure class=\"wp-block-image size-large\"><img decoding=\"async\" loading=\"lazy\" width=\"1024\" height=\"459\" src=\"http:\/\/gemeinschaftsschule-graefenroda.de\/wp-content\/uploads\/2025\/12\/grafik-19-1024x459.png\" alt=\"\" class=\"wp-image-3641\" srcset=\"http:\/\/gemeinschaftsschule-graefenroda.de\/wp-content\/uploads\/2025\/12\/grafik-19-1024x459.png 1024w, http:\/\/gemeinschaftsschule-graefenroda.de\/wp-content\/uploads\/2025\/12\/grafik-19-300x134.png 300w, http:\/\/gemeinschaftsschule-graefenroda.de\/wp-content\/uploads\/2025\/12\/grafik-19-768x344.png 768w, http:\/\/gemeinschaftsschule-graefenroda.de\/wp-content\/uploads\/2025\/12\/grafik-19.png 1230w\" sizes=\"(max-width: 1024px) 100vw, 1024px\" \/><\/figure>\n\n\n\n<p><\/p>\n\n\n\n<p><\/p>\n\n\n\n<p><\/p>\n\n\n\n<div class=\"wp-block-file\"><a id=\"wp-block-file--media-0f895d65-e5b3-406d-b053-bd21240670ef\" href=\"http:\/\/gemeinschaftsschule-graefenroda.de\/wp-content\/uploads\/2021\/04\/ANTRAG-AUF-AUSSTELLUNG-EINES-SCHUeLERFAHRAUSWEISES-Ilm-Kreis-.pdf\">Anlage 1: Antrag auf Ausstellung eines Sch\u00fclerfahrausweises&nbsp; &#8211; IOV f\u00fcr Sch\u00fclerInnen mit Wohnsitz Ilm-Kreis<\/a><a href=\"http:\/\/gemeinschaftsschule-graefenroda.de\/wp-content\/uploads\/2021\/04\/ANTRAG-AUF-AUSSTELLUNG-EINES-SCHUeLERFAHRAUSWEISES-Ilm-Kreis-.pdf\" class=\"wp-block-file__button wp-element-button\" download aria-describedby=\"wp-block-file--media-0f895d65-e5b3-406d-b053-bd21240670ef\">Herunterladen<\/a><\/div>\n\n\n\n<div class=\"wp-block-file\"><a id=\"wp-block-file--media-3a49406e-6541-4471-8ffc-2bda6942a80c\" href=\"http:\/\/gemeinschaftsschule-graefenroda.de\/wp-content\/uploads\/2021\/04\/ANTRAG-AUF-UeBERNAHME-SCHUeLERBEFOeRDERUNGSKOSTEN-GEHLBERG-STADT-SUHL.pdf\">Anlage 2: Antrag zur \u00dcbernahme der Sch\u00fclerbef\u00f6rderungskosten \u2013 SNG f\u00fcr Sch\u00fclerInnen mit Wohnsitz Gehlberg \/ Kreis Stadt Suhl<\/a><a href=\"http:\/\/gemeinschaftsschule-graefenroda.de\/wp-content\/uploads\/2021\/04\/ANTRAG-AUF-UeBERNAHME-SCHUeLERBEFOeRDERUNGSKOSTEN-GEHLBERG-STADT-SUHL.pdf\" class=\"wp-block-file__button wp-element-button\" download aria-describedby=\"wp-block-file--media-3a49406e-6541-4471-8ffc-2bda6942a80c\">Herunterladen<\/a><\/div>\n\n\n\n<p><\/p>\n","protected":false},"excerpt":{"rendered":"","protected":false},"author":3,"featured_media":0,"parent":0,"menu_order":0,"comment_status":"closed","ping_status":"closed","template":"","meta":[],"_links":{"self":[{"href":"http:\/\/gemeinschaftsschule-graefenroda.de\/index.php\/wp-json\/wp\/v2\/pages\/187"}],"collection":[{"href":"http:\/\/gemeinschaftsschule-graefenroda.de\/index.php\/wp-json\/wp\/v2\/pages"}],"about":[{"href":"http:\/\/gemeinschaftsschule-graefenroda.de\/index.php\/wp-json\/wp\/v2\/types\/page"}],"author":[{"embeddable":true,"href":"http:\/\/gemeinschaftsschule-graefenroda.de\/index.php\/wp-json\/wp\/v2\/users\/3"}],"replies":[{"embeddable":true,"href":"http:\/\/gemeinschaftsschule-graefenroda.de\/index.php\/wp-json\/wp\/v2\/comments?post=187"}],"version-history":[{"count":16,"href":"http:\/\/gemeinschaftsschule-graefenroda.de\/index.php\/wp-json\/wp\/v2\/pages\/187\/revisions"}],"predecessor-version":[{"id":3642,"href":"http:\/\/gemeinschaftsschule-graefenroda.de\/index.php\/wp-json\/wp\/v2\/pages\/187\/revisions\/3642"}],"wp:attachment":[{"href":"http:\/\/gemeinschaftsschule-graefenroda.de\/index.php\/wp-json\/wp\/v2\/media?parent=187"}],"curies":[{"name":"wp","href":"https:\/\/api.w.org\/{rel}","templated":true}]}}

<figure class="wp-block-image size-large"><img decoding="async" loading="lazy" width="1024" height="673" src="http://gemeinschaftsschule-graefenroda.de/wp-content/uploads/2025/08/Bildschirmfoto-2025-08-18-um-13.36.16-1024x673.png" alt="" class="wp-image-3358" srcset="http://gemeinschaftsschule-graefenroda.de/wp-content/uploads/2025/08/Bildschirmfoto-2025-08-18-um-13.36.16-1024x673.png 1024w, http://gemeinschaftsschule-graefenroda.de/wp-content/uploads/2025/08/Bildschirmfoto-2025-08-18-um-13.36.16-300x197.png 300w, http://gemeinschaftsschule-graefenroda.de/wp-content/uploads/2025/08/Bildschirmfoto-2025-08-18-um-13.36.16-768x505.png 768w, http://gemeinschaftsschule-graefenroda.de/wp-content/uploads/2025/08/Bildschirmfoto-2025-08-18-um-13.36.16-1536x1010.png 1536w, http://gemeinschaftsschule-graefenroda.de/wp-content/uploads/2025/08/Bildschirmfoto-2025-08-18-um-13.36.16.png 1746w" sizes="(max-width: 1024px) 100vw, 1024px" /></figure>



<p></p>



<figure class="wp-block-image size-large"><img decoding="async" loading="lazy" width="1024" height="641" src="http://gemeinschaftsschule-graefenroda.de/wp-content/uploads/2025/11/grafik-4-1024x641.png" alt="" class="wp-image-3529" srcset="http://gemeinschaftsschule-graefenroda.de/wp-content/uploads/2025/11/grafik-4-1024x641.png 1024w, http://gemeinschaftsschule-graefenroda.de/wp-content/uploads/2025/11/grafik-4-300x188.png 300w, http://gemeinschaftsschule-graefenroda.de/wp-content/uploads/2025/11/grafik-4-768x481.png 768w, http://gemeinschaftsschule-graefenroda.de/wp-content/uploads/2025/11/grafik-4.png 1180w" sizes="(max-width: 1024px) 100vw, 1024px" /></figure>



<p></p>



<figure class="wp-block-image size-large"><img decoding="async" loading="lazy" width="1024" height="459" src="http://gemeinschaftsschule-graefenroda.de/wp-content/uploads/2025/12/grafik-19-1024x459.png" alt="" class="wp-image-3641" srcset="http://gemeinschaftsschule-graefenroda.de/wp-content/uploads/2025/12/grafik-19-1024x459.png 1024w, http://gemeinschaftsschule-graefenroda.de/wp-content/uploads/2025/12/grafik-19-300x134.png 300w, http://gemeinschaftsschule-graefenroda.de/wp-content/uploads/2025/12/grafik-19-768x344.png 768w, http://gemeinschaftsschule-graefenroda.de/wp-content/uploads/2025/12/grafik-19.png 1230w" sizes="(max-width: 1024px) 100vw, 1024px" /></figure>



<p></p>



<p></p>



<p></p>



<div class="wp-block-file"><a id="wp-block-file--media-0f895d65-e5b3-406d-b053-bd21240670ef" href="http://gemeinschaftsschule-graefenroda.de/wp-content/uploads/2021/04/ANTRAG-AUF-AUSSTELLUNG-EINES-SCHUeLERFAHRAUSWEISES-Ilm-Kreis-.pdf">Anlage 1: Antrag auf Ausstellung eines Schülerfahrausweises&nbsp; &#8211; IOV für SchülerInnen mit Wohnsitz Ilm-Kreis</a><a href="http://gemeinschaftsschule-graefenroda.de/wp-content/uploads/2021/04/ANTRAG-AUF-AUSSTELLUNG-EINES-SCHUeLERFAHRAUSWEISES-Ilm-Kreis-.pdf" class="wp-block-file__button wp-element-button" download aria-describedby="wp-block-file--media-0f895d65-e5b3-406d-b053-bd21240670ef">Herunterladen</a></div>



<div class="wp-block-file"><a id="wp-block-file--media-3a49406e-6541-4471-8ffc-2bda6942a80c" href="http://gemeinschaftsschule-graefenroda.de/wp-content/uploads/2021/04/ANTRAG-AUF-UeBERNAHME-SCHUeLERBEFOeRDERUNGSKOSTEN-GEHLBERG-STADT-SUHL.pdf">Anlage 2: Antrag zur Übernahme der Schülerbeförderungskosten – SNG für SchülerInnen mit Wohnsitz Gehlberg / Kreis Stadt Suhl</a><a href="http://gemeinschaftsschule-graefenroda.de/wp-content/uploads/2021/04/ANTRAG-AUF-UeBERNAHME-SCHUeLERBEFOeRDERUNGSKOSTEN-GEHLBERG-STADT-SUHL.pdf" class="wp-block-file__button wp-element-button" download aria-describedby="wp-block-file--media-3a49406e-6541-4471-8ffc-2bda6942a80c">Herunterladen</a></div>



<p></p>
